n factor of 19305 and 55.
55
Calculate the greatest common factor of 36 and 604.
4
Calculate the greatest common factor of 108 and 6336.
36
What is the greatest common divisor of 100 and 640?
20
Calculate the highest common factor of 304 and 16.
16
What is the greatest common factor of 10 and 405?
5
Calculate the highest common divisor of 144 and 216.
72
Calculate the highest common divisor of 10561 and 59.
59
What is the highest common factor of 56 and 1260?
28
Calculate the greatest common divisor of 85 and 17.
17
What is the highest common divisor of 318 and 1643?
53
What is the highest common divisor of 400 and 1280?
80
Calculate the highest common factor of 102 and 2516.
34
Calculate the greatest common factor of 309 and 1.
1
What is the greatest common factor of 429 and 1599?
39
What is the greatest common factor of 3723 and 51?
51
Calculate the highest common factor of 1926 and 18.
18
What is the greatest common divisor of 220 and 180?
20
What is the greatest common divisor of 71 and 1917?
71
What is the greatest common divisor of 183 and 122?
61
What is the highest common divisor of 50 and 3140?
10
What is the greatest common factor of 24 and 1200?
24
Calculate the greatest common factor of 275 and 88.
11
What is the greatest common factor of 980 and 105?
35
Calculate the greatest common divisor of 18 and 24.
6
Calculate the greatest common factor of 144 and 504.
72
What is the greatest common factor of 55 and 10?
5
Calculate the greatest common divisor of 57 and 13053.
57
What is the greatest common factor of 11124 and 108?
108
What is the greatest common divisor of 7808 and 128?
128
What is the greatest common factor of 107 and 22577?
107
Calculate the greatest common factor of 103 and 206.
103
What is the highest common divisor of 23 and 5405?
23
What is the highest common factor of 48 and 3216?
48
Calculate the highest common factor of 12 and 4308.
12
What is the greatest common factor of 3243 and 621?
69
Calculate the highest common factor of 6 and 274.
2
What is the greatest common factor of 372 and 71052?
372
What is the highest common divisor of 20 and 2680?
20
Calculate the highest common divisor of 58 and 128354.
58
What is the greatest common factor of 12 and 68?
4
What is the greatest common divisor of 26240 and 205?
205
Calculate the highest common divisor of 69 and 3013.
23
What is the highest common divisor of 48 and 384?
48
What is the highest common divisor of 64 and 432?
16
Calculate the greatest common factor of 44 and 99.
11
What is the greatest common divisor of 654 and 218?
218
Calculate the highest common factor of 72 and 136.
8
What is the greatest common divisor of 109 and 11?
1
What is the highest common divisor of 51 and 3043?
17
Calculate the greatest common divisor of 24 and 4856.
8
Calculate the highest common factor of 640 and 520.
40
Calculate the highest common factor of 4 and 58.
2
Calculate the highest common divisor of 22 and 649.
11
Calculate the greatest common divisor of 1248 and 8944.
208
What is the greatest common factor of 992 and 62?
62
What is the highest common divisor of 296 and 8?
8
What is the greatest common factor of 36 and 27684?
36
What is the greatest common divisor of 19557 and 318?
159
Calculate the greatest common factor of 49 and 29449.
49
What is the greatest common divisor of 57 and 133?
19
Calculate the greatest common factor of 234 and 396.
18
What is the greatest common divisor of 10269 and 189?
63
Calculate the highest common factor of 24 and 7032.
24
What is the highest common factor of 6327 and 171?
171
What is the greatest common factor of 10808 and 56?
56
Calculate the highest common factor of 13 and 299.
13
What is the greatest common divisor of 418 and 2166?
38
What is the highest common factor of 53743 and 223?
223
Calculate the greatest common divisor of 819 and 351.
117
Calculate the highest common factor of 222 and 3219.
111
What is the highest common divisor of 189 and 1296?
27
Calculate the greatest common divisor of 202 and 505.
101
What is the greatest common divisor of 188 and 15228?
188
What is the highest common factor of 1377 and 17?
17
Calculate the highest common divisor of 9 and 9.
9
What is the highest common divisor of 292 and 1606?
146
Calculate the highest common divisor of 2108 and 4.
4
What is the greatest common divisor of 15 and 108?
3
Calculate the highest common factor of 816 and 32.
16
Calculate the greatest common divisor of 78 and 24.
6
What is the highest common divisor of 702 and 459?
27
Calculate the highest common divisor of 240 and 14240.
80
Calculate the greatest common factor of 492 and 24.
12
What is the greatest common divisor of 55 and 5?
5
What is the highest common divisor of 77 and 469?
7
What is the greatest common divisor of 772 and 4?
4
Calculate the highest common factor of 4056 and 832.
104
Calculate the highest common divisor of 138 and 621.
69
Calculate the greatest common factor of 1491 and 168.
21
Calculate the greatest common divisor of 88 and 2475.
11
Calculate the greatest common factor of 272 and 6392.
136
What is the greatest common divisor of 48 and 48?
48
Calculate the greatest common divisor of 42 and 42.
42
What is the highest common divisor of 35 and 40?
5
What is the highest common divisor of 216 and 504?
72
What is the highest common factor of 6 and 438?
6
What is the highest common divisor of 52 and 4147?
13
Calculate the greatest common divisor of 7 and 798.
7
What is the highest common factor of 118 and 4?
2
What is the highest common factor of 182 and 2678?
26
What is the greatest common factor of 1 and 17?
1
Calculate the highest common divisor of 413 and 236.
59
What is the greatest common divisor of 7261 and 53?
53
Calculate the highest common divisor of 7908 and 24.
12
Calculate the greatest common factor of 128 and 112.
16
What is the greatest common divisor of 12 and 2523?
3
What is the highest common divisor of 69 and 9?
3
What is the greatest common factor of 689 and 53?
53
Calculate the highest common divisor of 88 and 11.
11
What is the greatest common divisor of 1276 and 132?
44
Calculate the highest common divisor of 17 and 9673.
17
Calculate the highest common divisor of 120 and 392.
8
Calculate the highest common factor of 64 and 2048.
64
What is the greatest common divisor of 81 and 1?
1
Calculate the highest common factor of 45 and 108.
9
Calculate the greatest common factor of 222 and 12.
6
Calculate the greatest common divisor of 511 and 219.
73
What is the greatest common divisor of 2890 and 850?
170
What is the highest common divisor of 3068 and 52?
52
What is the highest common divisor of 236 and 59?
59
What is the highest common factor of 126 and 1057?
7
What is the greatest common factor of 1092 and 84?
84
Calculate the greatest common divisor of 45 and 12141.
9
Calculate the greatest common divisor of 30 and 735.
15
What is the highest common factor of 525 and 45?
15
Calculate the greatest common factor of 2388 and 12.
12
Calculate the highest common divisor of 2580 and 20.
20
What is the highest common factor of 10 and 4765?
5
What is the greatest common divisor of 168 and 15834?
42
What is the highest common divisor of 214 and 2?
2
What is the highest common factor of 7 and 329?
7
What is the greatest common factor of 36 and 39?
3
What is the greatest common factor of 3 and 134?
1
Calculate the greatest common divisor of 54 and 372.
6
What is the highest common factor of 4510 and 110?
110
What is the greatest common factor of 248 and 8308?
124
What is the highest common divisor of 117 and 14040?
117
What is the greatest common divisor of 6580 and 47?
47
What is the highest common factor of 11 and 73832?
11
Calculate the greatest common divisor of 4031 and 29.
29
Calculate the highest common divisor of 12 and 180.
12
What is the greatest common factor of 96 and 132?
12
Calculate the highest common factor of 126 and 129.
3
What is the greatest common divisor of 217 and 93?
31
Calculate the greatest common divisor of 52 and 4.
4
What is the greatest common factor of 2097 and 2563?
233
Calculate the greatest common divisor of 6584 and 16.
8
What is the greatest common divisor of 173 and 1?
1
What is the greatest common factor of 116 and 4?
4
Calculate the highest common divis